reatest common divisor of 3080 and 6552.
56
What is the highest common factor of 451 and 51238?
11
What is the greatest common factor of 324 and 436596?
12
What is the highest common divisor of 217 and 175?
7
What is the highest common factor of 130 and 85995?
65
What is the greatest common factor of 278760 and 120?
120
What is the highest common factor of 47259 and 7375?
59
What is the highest common factor of 1222 and 598?
26
Calculate the greatest common divisor of 5922 and 94.
94
Calculate the greatest common divisor of 44289 and 2835.
63
Calculate the highest common factor of 367184 and 1696.
848
What is the greatest common factor of 616 and 14728?
56
Calculate the highest common factor of 5 and 138485.
5
What is the highest common factor of 178 and 973393?
89
Calculate the highest common factor of 24 and 1789608.
24
What is the highest common divisor of 20953 and 4555?
911
Calculate the greatest common divisor of 124776 and 18.
18
What is the greatest common divisor of 300738 and 36?
6
What is the highest common divisor of 187 and 419883?
17
What is the greatest common factor of 3820 and 355451?
191
What is the highest common divisor of 32634 and 196?
98
Calculate the highest common factor of 863 and 118.
1
Calculate the highest common divisor of 11343 and 152.
19
Calculate the highest common factor of 46524 and 72.
12
Calculate the highest common divisor of 28 and 6538.
14
What is the greatest common divisor of 115 and 2366355?
115
What is the greatest common factor of 410935 and 199?
199
What is the greatest common factor of 152 and 208?
8
Calculate the highest common divisor of 26504 and 776.
8
What is the highest common divisor of 7120 and 1840?
80
What is the greatest common factor of 50088 and 168?
24
Calculate the highest common divisor of 1189373 and 53.
53
What is the greatest common divisor of 18 and 65154?
6
Calculate the greatest common factor of 2565 and 1615.
95
What is the highest common factor of 1209 and 8944?
13
Calculate the greatest common factor of 37476 and 276212.
1388
What is the highest common factor of 15939 and 1559124?
1449
Calculate the greatest common divisor of 236 and 318777.
59
Calculate the highest common factor of 40255 and 61420.
415
What is the highest common divisor of 373666 and 664?
166
Calculate the greatest common divisor of 9514 and 603.
67
Calculate the highest common factor of 3064 and 16232.
8
What is the highest common factor of 29997894 and 1643?
1643
Calculate the greatest common factor of 69864 and 1107.
123
Calculate the highest common factor of 1691245 and 3434.
1717
What is the highest common divisor of 53 and 20012747?
53
What is the highest common factor of 4342 and 234?
26
Calculate the highest common factor of 86 and 338.
2
What is the highest common factor of 44 and 872399?
11
What is the highest common factor of 1427714 and 106?
106
Calculate the highest common divisor of 64968 and 96.
24
What is the greatest common divisor of 2025 and 92097?
81
What is the greatest common divisor of 20 and 812035?
5
What is the highest common factor of 8504 and 536?
8
What is the highest common divisor of 151 and 323291?
151
What is the greatest common factor of 11607 and 3139?
73
Calculate the highest common factor of 640 and 9980.
20
Calculate the greatest common divisor of 10697 and 228.
19
What is the greatest common divisor of 161 and 22064?
7
Calculate the highest common factor of 2594568 and 48.
24
What is the highest common divisor of 2376 and 2810016?
792
Calculate the greatest common factor of 291662 and 3984.
166
Calculate the greatest common factor of 212688 and 1764.
252
Calculate the highest common factor of 503 and 1894801.
503
Calculate the highest common factor of 589525 and 275.
25
Calculate the greatest common factor of 40656 and 1218.
42
Calculate the greatest common divisor of 17280 and 51300.
540
Calculate the greatest common divisor of 5005 and 10505.
55
What is the greatest common divisor of 61056 and 256?
128
Calculate the highest common factor of 55714 and 178.
178
What is the highest common factor of 150 and 39450?
150
Calculate the highest common divisor of 2179826 and 22.
22
What is the highest common divisor of 124838 and 37?
37
Calculate the highest common factor of 182 and 559208.
26
What is the highest common factor of 355350 and 138?
138
Calculate the highest common divisor of 55 and 1797510.
55
Calculate the greatest common divisor of 36540 and 100.
20
Calculate the highest common factor of 16725 and 196686.
669
Calculate the highest common divisor of 7530 and 8610.
30
Calculate the highest common factor of 30564 and 24.
12
Calculate the highest common factor of 63 and 2553159.
21
What is the highest common factor of 1422 and 37288?
158
Calculate the greatest common divisor of 188 and 112384.
4
Calculate the highest common divisor of 46 and 172339.
23
Calculate the greatest common factor of 8857 and 18343.
17
What is the highest common factor of 129 and 3107997?
129
Calculate the greatest common divisor of 20 and 874715.
5
What is the greatest common factor of 12368822 and 106?
106
Calculate the greatest common divisor of 15664 and 4806.
178
Calculate the greatest common factor of 315 and 714070.
35
Calculate the highest common factor of 37296 and 192.
48
What is the greatest common factor of 177 and 14337?
177
Calculate the greatest common factor of 6980 and 32.
4
Calculate the highest common factor of 2125 and 36550.
425
Calculate the greatest common factor of 43038 and 558.
18
Calculate the highest common factor of 30321 and 729.
27
What is the highest common divisor of 2390 and 181162?
478
Calculate the greatest common factor of 30461 and 1101.
367
What is the greatest common divisor of 18 and 93213?
9
Calculate the highest common divisor of 486 and 999864.
162
What is the greatest common factor of 76 and 210311?
19
What is the highest common factor of 17456 and 208?
16
What is the highest common divisor of 1 and 361059?
1
What is the highest common divisor of 4809 and 861?
21
Calculate the greatest common divisor of 6084 and 52884.
468
Calculate the highest common factor of 12276 and 10788.
372
What is the greatest common factor of 3 and 80703?
3
Calculate the greatest common factor of 38 and 2287942.
38
What is the highest common factor of 4205 and 3235?
5
Calculate the greatest common divisor of 185 and 500055.
185
Calculate the greatest common factor of 1431856 and 16.
16
Calculate the highest common factor of 112743 and 18.
9
Calculate the highest common factor of 1400 and 12425.
175
What is the highest common factor of 872 and 104?
8
Calculate the greatest common divisor of 2035 and 39479.
407
Calculate the greatest common divisor of 3827 and 159488.
89
Calculate the greatest common divisor of 287565 and 570.
285
What is the greatest common factor of 2968731 and 57?
57
What is the greatest common factor of 225 and 3181050?
225
What is the greatest common factor of 55 and 75515?
55
What is the greatest common divisor of 64255 and 181?
181
What is the highest common factor of 24411 and 395?
79
What is the highest common divisor of 662571 and 13?
13
Calculate the highest common factor of 152 and 3701029.
19
Calculate the highest common factor of 1251 and 48511.
139
What is the greatest common factor of 16 and 50328?
8
What is the highest common factor of 17 and 18853?
17
Calculate the greatest common factor of 315480 and 264.
264
Calculate the greatest common factor of 1678544 and 1568.
784
Calculate the greatest common divisor of 109 and 1373509.
109
Calculate the greatest common factor of 40657 and 13843.
109
Calculate the highest common divisor of 62907 and 234.
39
What is the greatest common divisor of 15648 and 42543?
489
What is the highest common divisor of 8 and 116668?
4
Calculate the greatest common factor of 1158742 and 26650.
1066
What is the highest common factor of 154020 and 3570?
510
Calculate the highest common divisor of 16016 and 33319.
143
Calculate the greatest common divisor of 4096 and 174848.
256
Calculate the highest common factor of 31093 and 413.
59
Calculate the greatest common divisor of 49 and 190414.
49
Calculate the greatest common divisor of 210 and 18360.
30
What is the greatest common factor of 776 and 17?
1
Calcul